{"id":22,"date":"2024-09-10T21:19:04","date_gmt":"2024-09-10T19:19:04","guid":{"rendered":"https:\/\/www.mff-niederrhein.de\/?page_id=22"},"modified":"2024-09-23T15:35:52","modified_gmt":"2024-09-23T13:35:52","slug":"startseite","status":"publish","type":"page","link":"https:\/\/www.mff-niederrhein.de\/","title":{"rendered":"Willkommen bei den Modellflugfreunden Niederrhein e.V.!"},"content":{"rendered":"\n<div class=\"wp-block-group is-nowrap is-layout-flex wp-container-core-group-is-layout-ad2f72ca wp-block-group-is-layout-flex\">\n<div class=\"wp-block-columns is-layout-flex wp-container-core-columns-is-layout-9d6595d7 wp-block-columns-is-layout-flex\">\n<div class=\"wp-block-column is-vertically-aligned-stretch is-layout-flow wp-block-column-is-layout-flow\" style=\"flex-basis:100%\">\n<div class=\"wp-block-group is-layout-constrained wp-block-group-is-layout-constrained\">\n<p class=\"has-text-align-left\">Tauche ein in die faszinierende Welt des Modellflugs bei den Modellflugfreunden Niederrhein e.V.! Unser Modellflugplatz, gelegen am Niederrhein zwischen Kempen und Krefeld-H\u00fcls, ist der perfekte Ort f\u00fcr Flugbegeisterte aller Altersgruppen und Erfahrungsstufen.<\/p>\n\n\n\n<h4 class=\"wp-block-heading\"><strong>\u00dcber Uns<\/strong><\/h4>\n\n\n\n<p>Seit 1976 widmen wir uns mit Leidenschaft dem Modellflug. Was einst als engagierte Interessengemeinschaft begann, ist seit dem 17.07.2007 ein eingetragener Verein mit einer wachsenden und lebhaften Gemeinschaft. Bei uns treffen sich erfahrene Modellflieger und neugierige Einsteiger, die sich f\u00fcr die Kunst des Modellflugs begeistern.<\/p>\n\n\n\n<h4 class=\"wp-block-heading\"><strong>Warum Modellflug?<\/strong><\/h4>\n\n\n\n<p>Modellflug ist mehr als nur ein Hobby \u2013 es ist eine Kombination aus Technik, Kreativit\u00e4t und Spa\u00df. Es erm\u00f6glicht dir, eigene Flugmodelle zu bauen, zu gestalten und zu fliegen. Bei uns findest du die perfekte Plattform, um deine Leidenschaft zu entfalten, neue Freundschaften zu schlie\u00dfen und deine F\u00e4higkeiten weiterzuentwickeln.<\/p>\n\n\n\n<h4 class=\"wp-block-heading\"><strong>Besuche Uns<\/strong><\/h4>\n\n\n\n<p>Auf unserer Website findest du alle Informationen rund um unseren Verein, aktuelle Veranstaltungen, Flugzeiten und vieles mehr. Egal, ob du selbst aktiv werden m\u00f6chtest oder einfach nur neugierig auf den Modellflug bist \u2013 wir hei\u00dfen dich herzlich willkommen und freuen uns darauf, dich bei uns am Modellflugplatz begr\u00fc\u00dfen zu d\u00fcrfen.<\/p>\n\n\n\n<hr class=\"wp-block-separator has-alpha-channel-opacity\"\/>\n\n\n\n<p class=\"has-text-align-left\">Wir freuen uns darauf, dich in unserer Gemeinschaft willkommen zu hei\u00dfen und gemeinsam mit dir in die Welt des Modellflugs einzutauchen!<\/p>\n<\/div>\n<\/div>\n<\/div>\n\n\n\n<figure class=\"wp-block-image size-full\"><img loading=\"lazy\" decoding=\"async\" width=\"330\" height=\"240\" src=\"https:\/\/www.mff-niederrhein.de\/wp-content\/uploads\/2024\/09\/erster_flug-031.webp\" alt=\"\" class=\"wp-image-26\" srcset=\"https:\/\/www.mff-niederrhein.de\/wp-content\/uploads\/2024\/09\/erster_flug-031.webp 330w, https:\/\/www.mff-niederrhein.de\/wp-content\/uploads\/2024\/09\/erster_flug-031-300x218.webp 300w\" sizes=\"auto, (max-width: 330px) 100vw, 330px\" \/><\/figure>\n<\/div>\n\n\n\n<p><\/p>\n","protected":false},"excerpt":{"rendered":"<p>Tauche ein in die faszinierende Welt des Modellflugs bei den Modellflugfreunden Niederrhein e.V.! Unser Modellflugplatz, gelegen am Niederrhein zwischen Kempen und Krefeld-H\u00fcls, ist der perfekte [&#8230;]<\/p>\n","protected":false},"author":1,"featured_media":0,"parent":0,"menu_order":0,"comment_status":"closed","ping_status":"closed","template":"templates\/template-sidebar-right.php","meta":{"footnotes":""},"class_list":["post-22","page","type-page","status-publish","hentry"],"yoast_head":"<!-- This site is optimized with the Yoast SEO plugin v27.3 - https:\/\/yoast.com\/product\/yoast-seo-wordpress\/ -->\n<title>Willkommen bei den Modellflugfreunden Niederrhein e.V.! - Modellflugfreunde Niederrhein e. V.<\/title>\n<meta name=\"robots\" content=\"index, follow, max-snippet:-1, max-image-preview:large, max-video-preview:-1\" \/>\n<link rel=\"canonical\" href=\"https:\/\/www.mff-niederrhein.de\/\" \/>\n<meta property=\"og:locale\" content=\"de_DE\" \/>\n<meta property=\"og:type\" content=\"article\" \/>\n<meta property=\"og:title\" content=\"Willkommen bei den Modellflugfreunden Niederrhein e.V.! - Modellflugfreunde Niederrhein e. V.\" \/>\n<meta property=\"og:description\" content=\"Tauche ein in die faszinierende Welt des Modellflugs bei den Modellflugfreunden Niederrhein e.V.! Unser Modellflugplatz, gelegen am Niederrhein zwischen Kempen und Krefeld-H\u00fcls, ist der perfekte [...]\" \/>\n<meta property=\"og:url\" content=\"https:\/\/www.mff-niederrhein.de\/\" \/>\n<meta property=\"og:site_name\" content=\"Modellflugfreunde Niederrhein e. V.\" \/>\n<meta property=\"article:publisher\" content=\"https:\/\/www.facebook.com\/profile.php?id=61566312862932\" \/>\n<meta property=\"article:modified_time\" content=\"2024-09-23T13:35:52+00:00\" \/>\n<meta property=\"og:image\" content=\"https:\/\/www.mff-niederrhein.de\/wp-content\/uploads\/2024\/09\/erster_flug-031.webp\" \/>\n<meta name=\"twitter:card\" content=\"summary_large_image\" \/>\n<meta name=\"twitter:label1\" content=\"Gesch\u00e4tzte Lesezeit\" \/>\n\t<meta name=\"twitter:data1\" content=\"2\u00a0Minuten\" \/>\n<script type=\"application\/ld+json\" class=\"yoast-schema-graph\">{\"@context\":\"https:\\\/\\\/schema.org\",\"@graph\":[{\"@type\":\"WebPage\",\"@id\":\"https:\\\/\\\/www.mff-niederrhein.de\\\/\",\"url\":\"https:\\\/\\\/www.mff-niederrhein.de\\\/\",\"name\":\"Willkommen bei den Modellflugfreunden Niederrhein e.V.! - Modellflugfreunde Niederrhein e. V.\",\"isPartOf\":{\"@id\":\"https:\\\/\\\/www.mff-niederrhein.de\\\/#website\"},\"primaryImageOfPage\":{\"@id\":\"https:\\\/\\\/www.mff-niederrhein.de\\\/#primaryimage\"},\"image\":{\"@id\":\"https:\\\/\\\/www.mff-niederrhein.de\\\/#primaryimage\"},\"thumbnailUrl\":\"https:\\\/\\\/www.mff-niederrhein.de\\\/wp-content\\\/uploads\\\/2024\\\/09\\\/erster_flug-031.webp\",\"datePublished\":\"2024-09-10T19:19:04+00:00\",\"dateModified\":\"2024-09-23T13:35:52+00:00\",\"breadcrumb\":{\"@id\":\"https:\\\/\\\/www.mff-niederrhein.de\\\/#breadcrumb\"},\"inLanguage\":\"de\",\"potentialAction\":[{\"@type\":\"ReadAction\",\"target\":[\"https:\\\/\\\/www.mff-niederrhein.de\\\/\"]}]},{\"@type\":\"ImageObject\",\"inLanguage\":\"de\",\"@id\":\"https:\\\/\\\/www.mff-niederrhein.de\\\/#primaryimage\",\"url\":\"https:\\\/\\\/www.mff-niederrhein.de\\\/wp-content\\\/uploads\\\/2024\\\/09\\\/erster_flug-031.webp\",\"contentUrl\":\"https:\\\/\\\/www.mff-niederrhein.de\\\/wp-content\\\/uploads\\\/2024\\\/09\\\/erster_flug-031.webp\",\"width\":330,\"height\":240},{\"@type\":\"BreadcrumbList\",\"@id\":\"https:\\\/\\\/www.mff-niederrhein.de\\\/#breadcrumb\",\"itemListElement\":[{\"@type\":\"ListItem\",\"position\":1,\"name\":\"Startseite\",\"item\":\"https:\\\/\\\/www.mff-niederrhein.de\\\/\"},{\"@type\":\"ListItem\",\"position\":2,\"name\":\"Willkommen bei den Modellflugfreunden Niederrhein e.V.!\"}]},{\"@type\":\"WebSite\",\"@id\":\"https:\\\/\\\/www.mff-niederrhein.de\\\/#website\",\"url\":\"https:\\\/\\\/www.mff-niederrhein.de\\\/\",\"name\":\"Modellflugfreunde Niederrhein e. V.\",\"description\":\"\",\"publisher\":{\"@id\":\"https:\\\/\\\/www.mff-niederrhein.de\\\/#organization\"},\"potentialAction\":[{\"@type\":\"SearchAction\",\"target\":{\"@type\":\"EntryPoint\",\"urlTemplate\":\"https:\\\/\\\/www.mff-niederrhein.de\\\/?s={search_term_string}\"},\"query-input\":{\"@type\":\"PropertyValueSpecification\",\"valueRequired\":true,\"valueName\":\"search_term_string\"}}],\"inLanguage\":\"de\"},{\"@type\":\"Organization\",\"@id\":\"https:\\\/\\\/www.mff-niederrhein.de\\\/#organization\",\"name\":\"Modellflugfreunde Niederrhein e. V.\",\"url\":\"https:\\\/\\\/www.mff-niederrhein.de\\\/\",\"logo\":{\"@type\":\"ImageObject\",\"inLanguage\":\"de\",\"@id\":\"https:\\\/\\\/www.mff-niederrhein.de\\\/#\\\/schema\\\/logo\\\/image\\\/\",\"url\":\"https:\\\/\\\/www.mff-niederrhein.de\\\/wp-content\\\/uploads\\\/2024\\\/09\\\/cropped-cropped-mffn_logo-192hoch.webp\",\"contentUrl\":\"https:\\\/\\\/www.mff-niederrhein.de\\\/wp-content\\\/uploads\\\/2024\\\/09\\\/cropped-cropped-mffn_logo-192hoch.webp\",\"width\":512,\"height\":512,\"caption\":\"Modellflugfreunde Niederrhein e. V.\"},\"image\":{\"@id\":\"https:\\\/\\\/www.mff-niederrhein.de\\\/#\\\/schema\\\/logo\\\/image\\\/\"},\"sameAs\":[\"https:\\\/\\\/www.facebook.com\\\/profile.php?id=61566312862932\",\"https:\\\/\\\/www.instagram.com\\\/mff_niederrhein\"]}]}<\/script>\n<!-- \/ Yoast SEO plugin. -->","yoast_head_json":{"title":"Willkommen bei den Modellflugfreunden Niederrhein e.V.! - Modellflugfreunde Niederrhein e. V.","robots":{"index":"index","follow":"follow","max-snippet":"max-snippet:-1","max-image-preview":"max-image-preview:large","max-video-preview":"max-video-preview:-1"},"canonical":"https:\/\/www.mff-niederrhein.de\/","og_locale":"de_DE","og_type":"article","og_title":"Willkommen bei den Modellflugfreunden Niederrhein e.V.! - Modellflugfreunde Niederrhein e. V.","og_description":"Tauche ein in die faszinierende Welt des Modellflugs bei den Modellflugfreunden Niederrhein e.V.! Unser Modellflugplatz, gelegen am Niederrhein zwischen Kempen und Krefeld-H\u00fcls, ist der perfekte [...]","og_url":"https:\/\/www.mff-niederrhein.de\/","og_site_name":"Modellflugfreunde Niederrhein e. V.","article_publisher":"https:\/\/www.facebook.com\/profile.php?id=61566312862932","article_modified_time":"2024-09-23T13:35:52+00:00","og_image":[{"url":"https:\/\/www.mff-niederrhein.de\/wp-content\/uploads\/2024\/09\/erster_flug-031.webp","type":"","width":"","height":""}],"twitter_card":"summary_large_image","twitter_misc":{"Gesch\u00e4tzte Lesezeit":"2\u00a0Minuten"},"schema":{"@context":"https:\/\/schema.org","@graph":[{"@type":"WebPage","@id":"https:\/\/www.mff-niederrhein.de\/","url":"https:\/\/www.mff-niederrhein.de\/","name":"Willkommen bei den Modellflugfreunden Niederrhein e.V.! - Modellflugfreunde Niederrhein e. V.","isPartOf":{"@id":"https:\/\/www.mff-niederrhein.de\/#website"},"primaryImageOfPage":{"@id":"https:\/\/www.mff-niederrhein.de\/#primaryimage"},"image":{"@id":"https:\/\/www.mff-niederrhein.de\/#primaryimage"},"thumbnailUrl":"https:\/\/www.mff-niederrhein.de\/wp-content\/uploads\/2024\/09\/erster_flug-031.webp","datePublished":"2024-09-10T19:19:04+00:00","dateModified":"2024-09-23T13:35:52+00:00","breadcrumb":{"@id":"https:\/\/www.mff-niederrhein.de\/#breadcrumb"},"inLanguage":"de","potentialAction":[{"@type":"ReadAction","target":["https:\/\/www.mff-niederrhein.de\/"]}]},{"@type":"ImageObject","inLanguage":"de","@id":"https:\/\/www.mff-niederrhein.de\/#primaryimage","url":"https:\/\/www.mff-niederrhein.de\/wp-content\/uploads\/2024\/09\/erster_flug-031.webp","contentUrl":"https:\/\/www.mff-niederrhein.de\/wp-content\/uploads\/2024\/09\/erster_flug-031.webp","width":330,"height":240},{"@type":"BreadcrumbList","@id":"https:\/\/www.mff-niederrhein.de\/#breadcrumb","itemListElement":[{"@type":"ListItem","position":1,"name":"Startseite","item":"https:\/\/www.mff-niederrhein.de\/"},{"@type":"ListItem","position":2,"name":"Willkommen bei den Modellflugfreunden Niederrhein e.V.!"}]},{"@type":"WebSite","@id":"https:\/\/www.mff-niederrhein.de\/#website","url":"https:\/\/www.mff-niederrhein.de\/","name":"Modellflugfreunde Niederrhein e. V.","description":"","publisher":{"@id":"https:\/\/www.mff-niederrhein.de\/#organization"},"potentialAction":[{"@type":"SearchAction","target":{"@type":"EntryPoint","urlTemplate":"https:\/\/www.mff-niederrhein.de\/?s={search_term_string}"},"query-input":{"@type":"PropertyValueSpecification","valueRequired":true,"valueName":"search_term_string"}}],"inLanguage":"de"},{"@type":"Organization","@id":"https:\/\/www.mff-niederrhein.de\/#organization","name":"Modellflugfreunde Niederrhein e. V.","url":"https:\/\/www.mff-niederrhein.de\/","logo":{"@type":"ImageObject","inLanguage":"de","@id":"https:\/\/www.mff-niederrhein.de\/#\/schema\/logo\/image\/","url":"https:\/\/www.mff-niederrhein.de\/wp-content\/uploads\/2024\/09\/cropped-cropped-mffn_logo-192hoch.webp","contentUrl":"https:\/\/www.mff-niederrhein.de\/wp-content\/uploads\/2024\/09\/cropped-cropped-mffn_logo-192hoch.webp","width":512,"height":512,"caption":"Modellflugfreunde Niederrhein e. V."},"image":{"@id":"https:\/\/www.mff-niederrhein.de\/#\/schema\/logo\/image\/"},"sameAs":["https:\/\/www.facebook.com\/profile.php?id=61566312862932","https:\/\/www.instagram.com\/mff_niederrhein"]}]}},"_links":{"self":[{"href":"https:\/\/www.mff-niederrhein.de\/index.php\/wp-json\/wp\/v2\/pages\/22","targetHints":{"allow":["GET"]}}],"collection":[{"href":"https:\/\/www.mff-niederrhein.de\/index.php\/wp-json\/wp\/v2\/pages"}],"about":[{"href":"https:\/\/www.mff-niederrhein.de\/index.php\/wp-json\/wp\/v2\/types\/page"}],"author":[{"embeddable":true,"href":"https:\/\/www.mff-niederrhein.de\/index.php\/wp-json\/wp\/v2\/users\/1"}],"replies":[{"embeddable":true,"href":"https:\/\/www.mff-niederrhein.de\/index.php\/wp-json\/wp\/v2\/comments?post=22"}],"version-history":[{"count":5,"href":"https:\/\/www.mff-niederrhein.de\/index.php\/wp-json\/wp\/v2\/pages\/22\/revisions"}],"predecessor-version":[{"id":82,"href":"https:\/\/www.mff-niederrhein.de\/index.php\/wp-json\/wp\/v2\/pages\/22\/revisions\/82"}],"wp:attachment":[{"href":"https:\/\/www.mff-niederrhein.de\/index.php\/wp-json\/wp\/v2\/media?parent=22"}],"curies":[{"name":"wp","href":"https:\/\/api.w.org\/{rel}","templated":true}]}}